e -10 + 3 + -2 + (-5 - -8).
-6
Calculate (-6 - -5 - 1 - -5) + -1.
2
(-6 - (-5 - 5)) + 2 + -1
5
2 - -6 - (2 - -2)
4
What is the value of 6 - (8 + (2 - 0))?
-4
Evaluate (-8 + 6 - (-7 - 0)) + -2.
3
Evaluate 0 + -3 - (12 - (6 + 13)).
4
Calculate -6 + 3 + (-1 - (-3 + -6)).
5
What is -3 + 1 - (-3 + 2)?
-1
10 + -17 - (13 + -28)
8
What is the value of -4 - -13 - (1 + 2)?
6
What is the value of -1 + 1 + -3 - (1 - 2)?
-2
What is -3 + (9 + -4 - -1)?
3
Calculate 2 + 0 + 5 + -6 + 1.
2
Calculate 2 + -1 + 2 + -1.
2
Evaluate -1 + 9 + -4 - 5.
-1
What is the value of -12 - 0 - (-19 - -14)?
-7
What is the value of 7 + (-17 - (-9 + 0))?
-1
Evaluate -7 + 10 + 0 - -6.
9
What is the value of (-1 - -1) + 2 + (4 - 4)?
2
What is (4 - 4) + 4 - (1 + 2)?
1
What is 4 - (1 + (-1 - 1) + -1)?
6
-4 - ((4 - 9) + -2 + 2)
1
Calculate 3 - (4 + 1 - 5).
3
What is the value of 2 - (-1 + -1) - 2?
2
What is 0 + (2 - -5) + -5?
2
What is the value of 13 + -2 - (-15 + 24)?
2
Calculate 4 + 2 + 2 + -14 + 7.
1
Evaluate 7 + -2 + (-1 - 6) - -6.
4
What is the value of -9 + 2 - (1 - (-3 + 7))?
-4
2 + (-2 - (0 + -1 + 2))
-1
What is 2 - (-2 + 3 + 0)?
1
Calculate 4 + (-1 - (4 + -1)).
0
What is -1 + (2 + 0 - -7)?
8
What is 11 + -7 + (-2 - (0 - -2))?
0
What is 4 + -4 - (-1 + (2 - 0))?
-1
Calculate 2 - (-9 + 7 + -2).
6
What is the value of 1 + 0 + -3 + (-3 - -5)?
0
-4 - -4 - (-2 - (0 - 5))
-3
Evaluate -6 + -2 + 4 + 2 - 3.
-5
What is (2 - 6 - -8) + -2?
2
Calculate (-4 - -2) + 1 + -4.
-5
Evaluate 0 + 4 + -4 - 1.
-1
What is (3 - (-4 + 15)) + 10?
2
Evaluate 6 + (0 + 6 - 12).
0
Evaluate -6 + 4 + (10 - (-1 - -2)).
7
Evaluate 0 - (-3 - -8) - -4.
-1
Calculate -12 - ((-8 - 0) + 5).
-9
Evaluate 2 - ((9 - 4) + -8) - 1.
4
What is the value of 3 - -1 - (1 - (-9 - -2))?
-4
What is (-2 - -1) + (2 - (-5 - -4))?
2
Evaluate -2 + (4 - (-1 - -3)) - 4.
-4
Evaluate 12 + (8 + -18 - 4).
-2
Calculate (-4 - -4 - 1) + 0 - -1.
0
6 - -2 - (9 + 1 + -7)
5
Evaluate (-1 - 3 - -6 - -3) + -1.
4
2 + (-4 - (1 - (6 - 5)))
-2
What is the value of 0 + -6 - (0 + -6)?
0
What is -7 - (-1 + -2 + -4)?
0
Evaluate 2 - -1 - (23 + -20).
0
What is -1 - (-4 + 5 + -7 + 11)?
-6
Calculate 1 + (3 + 1 - (16 + -12)).
1
What is the value of -5 - (-4 - (3 + -7))?
-5
What is -1 + 10 - (129 + -117)?
-3
What is 0 - -7 - -10 - (7 + 1)?
9
Calculate -1 - (-14 + 5 + 4) - -1.
5
What is the value of -3 + 1 + (-3 - 0)?
-5
Calculate -1 + 5 + -5 + 3.
2
What is -29 + 19 + 9 + -1?
-2
-1 - (1 - (2 - 0) - -2)
-2
Calculate (11 - 3) + -3 - 1.
4
-4 + 3 + 6 + -5 - -1
1
What is the value of 5 + -1 + 3 - 2?
5
What is 1 - 5 - (15 - 22)?
3
Calculate ((-7 - -4) + 5 - -3) + -5.
0
Evaluate 2 - (4 + -1 - 10).
9
What is the value of 5 + (3 - (-3 + 3) - 3)?
5
Calculate 0 - -11 - 7 - 11.
-7
Calculate 2 + -5 + 0 + 4 + -7.
-6
What is the value of 4 + (4 - 1) + (-1 - 2)?
4
Evaluate -16 - (-9 - (-14 + 13)).
-8
Evaluate -2 + -1 - (1 - 0).
-4
Calculate 7 + -21 + 12 + (6 - -1).
5
Calculate -2 - (0 + 0) - (6 + -5).
-3
39 + -38 - (2 + -1)
0
What is the value of (-4 - -10) + 2 + -10?
-2
What is 7 + -3 + (-5 - (0 - 4))?
3
Evaluate (-7 - 4) + 6 - -13.
8
What is -5 + -3 + (0 - (3 - 3))?
-8
Evaluate (-12 - (-1 + 4)) + 6.
-9
Calculate -9 + 2 + 0 + 3 + 1.
-3
What is the value of 0 - ((3 + 7 - 4) + -4)?
-2
What is (0 - -7 - 6) + -1 + 2?
2
What is the value of 0 - (1 + -3 - (-16 + 14))?
0
3 + 0 - (-4 + 1 - -4)
2
-5 - (-5 - (-6 + -5 + 8))
-3
Evaluate -2 + -4 + (1 - (-3 + 1)).
-3
-9 + 7 - (2 - 0)
-4
What is the value of (-4 - -4) + (2 - -2)?
4
What is the value of -12 - 0 - (-20 - (-14 + 0))?
-6
Evaluate -5 + 6 - -1 - -3.
5
What is the value of 6 + (-3 + 5 - (0 - -3))?
5
What is the value of (-10 - (-7 - 8)) + (0 - 1)?
4
5 - (1 - -1) - (-1 - -1)
3
Evaluate 1 + 0 + 3 + -4.
0
(-6 - (1 - -7)) + 7
-7
Calculate 5 - 4 - -4 - (15 - 9).
-1
(-3 - (3 - 14)) + -10
-2
What is the value of -3 + (-7 - -4) + 2?
-4
What is the value of 0 + (0 - -1) + -2?
-1
Evaluate -1 + 5 + -5 + 1.
0
(-2 - -8) + -6 + (4 - 3)
1
What is 0 - (1 + 5 - 3)?
-3
Calculate 15 + -14 - (1 - (7 - -1)).
8
(2 - (1 - 4) - 8) + 3
0
Evaluate -7 + 6 + 6 - 4.
1
What is 23 + -21 + -1 + 2?
3
What is the value of 9 + -1 - 4 - -1?
5
What is (-10 - 2) + 22 - (4 - -2)?
4
What is (10 - 11) + -3 - -6?
2
What is the value of -7 + 0 + 7 - 7 - 3?
-10
What is 5 + -6 + (5 + -1 - 2)?
1
2 + (-4 - (-5 + -1))
4
Calculate -6 - (-13 - -12) - (-1 - 1).
-3
What is (-7 + 0 - -7) + 5?
5
Calculate 6 + (10 - 3) + -4 + -5.
4
6 - (-13 - -11) - 3
5
What is -2 - -5 - (2 - 4 - -3)?
2
What is -1 + (5 - (-2 - -4)) + -4?
-2
Evaluate 1 - ((3 - 3) + -5).
6
1 + 2 - 2 - (25 - 29)
5
-4 + (-4 + 0 - (10 - 20))
2
What is -7 - (-5 + 1 + (3 - 3))?
-3
Evaluate 5 - (2 - (4 + (-5 - 1))).
1
What is 1 - 1 - (2 + 2 + -9)?
5
What is the value of 3 + (-5 - 2) + (-7 - -17)?
6
-15 - (-3 - 0) - -16
4
Evaluate -11 + (2 - -1) - -6.
-2
(-6 - 1) + (-11 - -25)
7
Evaluate -2 + -1 + 4 + -4.
-3
Calculate -6 + (-9 - (-3 - 10)).
-2
What is the value of 4 - (3 + (-3 - -1)) - 2?
1
Evaluate 1 + 1 - (22 + -15).
-5
Calculate -1 + 0 + (-13 - (-1 - 16)).
3
What is (-2 - (-2 + -4)) + 0?
4
Calculate 12 - (10 + (0 - 7) + 2).
7
What is the value of 9 - (-6 + -5 - -28)?
-8
What is 3 - (-6 - -19 - 6)?
-4
What is (-3 - (9 - 20)) + -5?
3
What is 1 + -2 + -3 + 4 + 1?
1
What is -4 - (4 + -11 + 5)?
-2
-6 + 4 + 6 + -5
-1
What is the value of 9 - -3 - (9 - 2)?
5
Calculate 7 + 0 + -6 + -1 + 0.
0
What is (2 - 1) + 8 + (-4 - 5)?
0
What is (7 - 2) + -9 + 6?
2
What is (-1 - 1) + 0 + (43 - 40)?
1
Calculate 5 - (18 + -2 + -5).
-6
-1 - -7 - (5 - -3) - 6
-8
-4 + 3 + -9 + 0 - -3
-7
What is 1 - (5 + -1 + -6)?
3
Calculate (0 - (3 - -1)) + 2 - 1.
-3
0 + -1 - (-10 - 2 - -11)
0
Calculate -2 + 4 + -2 + 0 + -1.
-1
What is -1 + -10 - (2 + -11 - -5)?
-7
Calculate -2 + (-7 - -2 - (-1 - 11)).
5
Evaluate 4 + (2 - (8 - 5) - 1).
2
Evaluate -2 + 1 + -1 + (-24 - -28).
2
What is the value of -16 + 16 - (5 - -1) - -2?
-4
What is 2 + (-3 - (-2 + 1))?
0
What is -14 - 0 - -14 - (2 + 0)?
-2
What is 1 + 1 - (5 - 0) - 3?
-6
1 + 0 + -17 + 18
2
Evaluate 2 + (4 - (-4 + 3 - -1)).
6
What is the value of -1 - -2 - (2 + (-6 - 0))?
5
What is (2 - 6) + -1 + -1 + -4?
-10
Evaluate -3 + 1 - (-5 - (0 - 1)).
2
0 + -5 + -25 + 25
-5
Evaluate 4 - (4 + 2 - -4) - -7.
1
What is (-36 - -37) + 1 + 0?
2
Evaluate 0 + (1 + 4 - 2).
3
Evaluate -1 + (-3 - -1) + 6 + 0.
3
Calculate -3 - (3 + -1 + -2).
-3
Calculate -9 - (-9 - -5) - (0 - -1).
-6
Calculate 0 + 6 - (0 + 1 - 0).
5
What is the value of 10 - 5 - (1 - -1)?
3
Calculate -1 + -1 - (-3 + (-2 - -2)).
1
Evaluate -3 - (-2 + 7 - (19 - 17)).
-6
Evaluate (1 - (2 - -4)) + 8 - 6.
-3
What is 1 - 1 - (0 - (4 - -1))?
5
6 + -1 + -3 + -2 + 7
7
Calculate (-16 - -7) + (10 - -1).
2
Calculate 1 + -4 + -1 + 10 + 2.
8
Evaluate -8 - -5 - ((3 - 9) + 0).
3
Calculate -13 - (-5 + 0) - (-16 - -10).
-2
What is the value of 0 - (12 + 1 + -8)?
-5
What is the value of (10 - 0 - 1) + -2?
7
2 + 3 + 1 + -1 - 5
0
Evaluate (-2 - (3 - 7)) + -5 + 8.
5
What is (0 - -3) + -3 + (20 - 15)?
5
3 + 2 + (-6 - -2) + -9
-8
0 + 4 - (0 + 3 + -1)
2
What is the value of (3 - 0) + 5 + -4 + 1?
5
What is the value of (3 - 0) + 0 + (2 - 2)?
3
Evaluate -24 + 21 - (-2 - (2 + 0)).
1
What is the value of -2 + 8 + (-10 - (-6 - 4))?
6
Evaluate (-1 - 1 - 1) + 2 + 1.
0
Evaluate (-22 - -33) + -2 + -4.
5
What is 0 - (-6 + 9 + (-4 - 5))?
6
4 - (-1 - -8 - (13 - 15))
-5
What is the value of 6 - (0 + 2) - 3?
1
Calculate (-6 - -11) + -11 + 1.
-5
What is the value of 2 + 2 + (2 + -1 - 1)?
4
What is 7 + 0 - (-15 + 18) - 3?
1
0 + -9 + 2 + 8
1
What is the value of (2 - (-9 - 5)) + -8?
8
Evaluate -2 - (-5 - (1 + -16) - 8).
-4
Calculate (-4 + -2 - (29 - 36)) + 4.
5
What is the value of (0 - -3) + -2 + -2?
-1
Calculate (-3 - 6) + 9 - (-6 - -1).
5
Calculate -4 + -3 + 6 + -4.
-5
What is (15 - 13) + 0 + 3?
5
What is the value of 6 + -5 + 9 + -6?
4
1 + -5 + -2 - -14
8
Calculate -5 + 2 + -12 - (4 - 11).
-8
What is the value of 4 + (-6 - (-4 + 1))?
1
-9 - (2 + -9 + 1)
-3
Calculate -1 - (5 + -5 + (1 - 7)).
5
Evaluate -148 + 149 - (0 + -2 + 0).
3
(-4 - (-5 - -3)) + 2
0
Calculate 8 + -1 - (35 + -34).
6
1 + (2 - (1 + -1) - -3)
6
Evaluate -4 + 14 + -9 + (1 - 6).
-4
What is (0 - -5) + 92 + -91?
6
-2 + (-1 + -2 - 2 - -2)
-5
Evaluate 57 + -53 - (1 - -1).
2
What is -7 - -4 - -2 - (-1 - -3)?
-3
What is the value of -9 - 2 - (-18 - -11